*w - q = -2*u - 2*w. What is the units digit of u?
7
Let h = -4 + 11. Suppose -2*d - 1000 = -h*d. Suppose 9*x = 14*x - d. What is the units digit of x?
0
Let q = 155 - 89. Let i be (-12)/22 + (-8460)/220. Let b = q + i. What is the tens digit of b?
2
Let y = 1201 + 1686. What is the thousands digit of y?
2
Let w(h) = -h**2 + 10*h + 3. Let x be w(10). Suppose 5*q + 4*b - 20 = -0*b, 0 = -x*b. What is the tens digit of 2172/42 - q/(-14)?
5
Suppose -3*q - 18 = 3*j, 4*q + 5*j + 24 = q. Let n be (-31)/q + 30/45. Suppose -4*u = -2*w - 134, -u + n = 6*w - 2*w. What is the units digit of u?
1
Suppose -4*g + 2026 = -9346. What is the hundreds digit of g?
8
Let g be (11/(-3))/((-25)/225). Suppose -29*k - 688 = -g*k. What is the hundreds digit of k?
1
Let o(j) = j**3 + 13*j**2 + 10*j - 2. Suppose -c - 7 = -1. What is the tens digit of o(c)?
9
Suppose -o + 11 = 26. What is the units digit of ((-5)/o)/1 + 2490/9?
7
Suppose -3*d - 2565 = -4*d + 4*s, -3*d + 4*s + 7687 = 0. What is the tens digit of d?
6
What is the tens digit of 1 + (-8)/16 - 2251/(-2)?
2
Let l = -25 - -29. Suppose o + l*o = 185. What is the tens digit of o?
3
Let g(d) = 2*d. Let u be g(6). What is the hundreds digit of ((u - -3) + -3)*12?
1
Suppose -120*m = -2*n - 123*m + 7433, n - 3715 = -2*m. What is the hundreds digit of n?
7
Let i = 11 + -6. Suppose -34 = i*f - 334. What is the tens digit of -4 - (-2 + f/(-2))?
2
Suppose 2*n - c = -n + 106, 2*n = 5*c + 49. Let i = -16 + n. What is the units digit of i?
1
Suppose 4*x + 8 = 4. What is the tens digit of x - (-4 - (-140)/(-2))?
7
Let h = 21 - 17. Suppose 2*t = h*t - 114. What is the tens digit of t?
5
Suppose b - 23 = 4*u, -5*u - 19 = -5*b + 81. Suppose b*c = 17*c + 328. What is the units digit of c?
4
Suppose 0*c - 2*c + 8 = 0. Suppose 2*d = c*d - 16. Let k = 11 - d. What is the units digit of k?
3
Let g(l) be the first derivative of 2 + 0 + 3 + l**2 - 8*l**2. What is the units digit of g(-1)?
4
Let p(i) = -i**2 - 5*i - 3. Let g = 12 - 17. Let c be p(g). What is the units digit of (-1232)/(-20) - c/(-5)?
1
Let z be (4 - (7 + -2) - 0)*-49. Let i = z + 44. What is the units digit of i?
3
Let c(g) = g**3 - 15*g**2 + 2*g + 10. Let f(w) = -2*w + 3. Let j be f(-3). Let q = 24 - j. What is the units digit of c(q)?
0
Let l(d) = d**2 + 2*d - 4. Let t = -256 - -120. Let r be t/(-22) - 24/132. What is the tens digit of l(r)?
4
Let v = -82 + 84. What is the tens digit of 116/(v/1) + -4?
5
Let g(l) = 15*l**3 - l**2 - 5. Let m(k) = k. Let a(i) = -g(i) + 2*m(i). What is the hundreds digit of a(-2)?
1
Let j be (2 - 4/(12/5))*3. What is the units digit of (-24)/(-132) + (j - (-8574)/33)?
1
Let v(a) = -35*a - 113. What is the units digit of v(-5)?
2
Let c(o) = o + 4. Let d(i) = i**3 - 6*i**2 + 6*i - 5. Let n be d(5). Let s be c(n). What is the units digit of 3 + -32*s/(-8)?
9
Suppose 1816 = 3*a + n, -5*n - 1239 = -8*a + 6*a. What is the tens digit of a?
0
What is the units digit of -1 - ((-9)/21 - (-49668)/(-42))?
2
Suppose 2094 = 4*q + 2*c, -2*q + 3*c + 473 = -586. What is the units digit of q?
5
Suppose -21*y + 19895 = 260. What is the tens digit of y?
3
Suppose i - 4*z + 14 = 2, -i + 2*z - 6 = 0. Suppose 5*x + 5*v - 660 = i, -x + 416 = 2*x - v. What is the tens digit of x?
3
Let n = -60 + 42. Let k be (n/(-4))/(18/240). Let s = k + 6. What is the units digit of s?
6
Suppose 2*t + 4*w + 416 = 0, -2*t - t - 4*w = 614. Let o = 3 - t. What is the units digit of o?
1
Let k = 1242 - 216. What is the hundreds digit of k?
0
Suppose -6*t + 9*t = -5*d + 1203, -5*t + 2024 = 2*d. What is the tens digit of t?
0
Suppose 3*w + 7*n - 12*n = 455, 5*w - 2*n = 733. What is the units digit of w?
5
Let s be 3/(0 + (-2)/30). Let i(v) = v**3 + 15*v**2 + v + 1. Let a be i(-15). Let t = a - s. What is the units digit of t?
1
Suppose -7 - 9 = -4*v. Suppose -3 = -v*z + 1. What is the units digit of 3 + 12 + z + -2?
4
Suppose 0 = -p - 4*t + 1336, 7*t + 6634 = 5*p + 4*t. What is the hundreds digit of p?
3
Suppose -5*g = 3 - 13. Suppose -g*v + 6*v - 76 = 0. Suppose 0 = 4*z - v - 49. What is the tens digit of z?
1
Let k = 57 + -24. Let z be (-345)/(-5) + -1 + 0. Let h = z - k. What is the units digit of h?
5
What is the hundreds digit of (-4 - 2) + 0 - -403?
3
Suppose 2*m + 357 - 2607 = 0. What is the hundreds digit of m?
1
Suppose 0 = 2*g + g + 3*i - 2256, 4*g = -5*i + 3009. What is the tens digit of g?
5
Suppose 3*b = 160 - 535. Let k = b + 202. What is the units digit of k?
7
Let y(a) = -23*a - a**2 + 6*a + 6*a - 4. Let u be y(-10). Let t = 12 + u. What is the units digit of t?
8
Suppose 32*l - 7904 - 1504 = 0. What is the tens digit of l?
9
Let s(d) = -d**3 - 6*d**2 - 5*d + 4. Let j be s(-5). Let y(o) = 7*o**3 - o - 2. Let q be y(-2). What is the units digit of q/((-2)/(j/4))?
8
Suppose -4*x - 2*f + 20 = 0, -3*f = -2*x - f + 10. Suppose -x*c + c + 72 = 0. What is the units digit of 5 - 7 - (-2 - c)?
8
Suppose -2*z - 2 - 14 = 0. Let y(w) = -w**3 - 8*w**2 - w - 2. Let d be y(z). What is the units digit of 3/(d/(-22))*-3?
3
Suppose -x = -4*i + 4*x - 2, 4*i - 2*x - 4 = 0. Suppose 24*o - 26*o = 3*g - 10, -3*o - 4*g = -17. Let w = o - i. What is the units digit of w?
9
Let q be (0 - -6) + (-4)/1. Suppose 10 = -w + 4*k - 0*k, q*k + 16 = 4*w. Let s = 45 + w. What is the tens digit of s?
5
Let f = -24 + 45. Let j(p) = 7*p - 15. Let q be j(2). Let n = f + q. What is the units digit of n?
0
Let x(b) = -33*b + 3. Let r be x(-1). Let t be ((-32)/48)/((-2)/r). Suppose -q - q = -t. What is the units digit of q?
6
Suppose 0 = -3*z - 2*i + 1396, -1107 = -3*z - 3*i + 291. What is the tens digit of z?
6
Let x be (60/45)/((-4)/(-6)). Suppose -5*s + 0*b = 4*b - 33, 0 = -b + x. Suppose 3*p + s*o - 136 = 0, 3*p - 4*o - 21 = 70. What is the tens digit of p?
3
Let f(y) = -3*y - 15. Let j = -15 - -9. Let x be f(j). Let g = 6 - x. What is the units digit of g?
3
Let r(m) = 4*m**3 + 7*m**2 - 7*m + 5. Let w(d) = -5*d**3 - 7*d**2 + 6*d - 4. Let x(l) = 4*r(l) + 3*w(l). What is the tens digit of x(-7)?
7
Suppose -11*i + 14*i - 7326 = 0. What is the tens digit of i?
4
What is the hundreds digit of 734666/552 + (-2)/(-24)?
3
Let n(f) = f**3 - 2*f**2 + 3*f - 1. Let p be n(2). Suppose 25 = -p*l - 35. Let m = -7 - l. What is the units digit of m?
5
Let d = -17 + 9. Let x(t) = t**2 + 8*t + 5. Let p be x(d). Suppose 4*u - 3*u = 3, 67 = p*m + 4*u. What is the tens digit of m?
1
Suppose -6*u + 3*u + 30 = 0. Let h be (-8)/u*(-20)/8. Suppose -6*w + 48 = -h*w. What is the tens digit of w?
1
Let c(l) = -12*l + 9. Let o be c(-10). Let r = 259 - o. Let v = -77 + r. What is the units digit of v?
3
Suppose 0 = 3*x - 53 - 136. What is the units digit of x?
3
Let y = 968 - -104. What is the units digit of y?
2
Suppose -4*l + 2214 = 5*n, 5*n = 2*l + 3*l - 2790. Let a = l - 196. Suppose -k + a = 7*k. What is the tens digit of k?
4
Let p(y) be the third derivative of -y**5/60 + y**4/3 + y**3/6 - 5*y**2. Let r be p(4). Suppose 4*h - r = 7. What is the units digit of h?
6
Suppose 1 = 5*i - 9. Suppose -i*f + 61 = -53. What is the units digit of f?
7
Suppose -2*m = -2*u - 10080, -5*m + 24799 + 401 = -6*u. What is the thousands digit of m?
5
Let h = 281 - -167. Let n = -314 + h. What is the tens digit of n?
3
Suppose 0 = -3*x + 8 + 1. Suppose -3*o = 5*j - 121, x*o - 177 + 44 = -2*j. What is the tens digit of o?
4
Let v(s) = -88*s**3 - 2*s**2 - s. Let p be v(-1). Let x = 47 + -42. What is the tens digit of -4 + x/(15/p)?
2
Suppose 26 = -5*o + 6. Let l(w) = -w**2 - 7*w + 1. Let b be l(o). Suppose -5*i - b - 15 = -4*t, t - 5*i - 22 = 0. What is the units digit of t?
2
Suppose 3*k = -3*f + 4*k - 27, 15 = -3*f + 5*k. Let s(h) = -17*h + 29. What is the units digit of s(f)?
9
Let u = -42 + 38. What is the tens digit of (-15)/(68/40 - (-2 - u))?
5
Let a(i) = -46*i + 25. Let j(x) = 69*x - 38. Let v(f) = -7*a(f) - 5*j(f). Let y be v(5). What is the units digit of ((-1)/(-2))/((-2)/y)?
5
Suppose -4*i = 3 - 87. Suppose i*v = 16*v + 340. What is the tens digit of v?
6
Suppose -23*i + 4282 + 7310 = 0. What is the hundreds digit of i?
5
Let m(u) = 69*u**2 - 7*u + 10. What is the thousands digit of m(5)?
1
Let k(u) = 41*u**2 - 14*u + 67. What is the hundreds digit of k(8)?
5
Let u(q) = q**3 + 24*q**2 - 5*q - 12. Let l be u(-23). Suppose 0 = -5*f + l 